{"id":1807,"date":"2023-02-27T18:14:45","date_gmt":"2023-02-27T18:14:45","guid":{"rendered":"https:\/\/nicolaos.ro\/szatmarnemeti1\/?post_type=product&#038;p=1807"},"modified":"2025-05-31T04:41:02","modified_gmt":"2025-05-31T04:41:02","slug":"peleskei-istenszulo-ikon","status":"publish","type":"product","link":"https:\/\/www.nicolaos.ro\/szatmarnemeti1\/termek\/peleskei-istenszulo-ikon","title":{"rendered":"Peleskei Istensz\u00fcl\u0151-ikon"},"content":{"rendered":"<p>ELFOGYOTT<\/p>\n<p>Jelenleg csak rendel\u00e9sre<\/p>\n<p>M\u00e9retek \u00e9s \u00e1rak:<\/p>\n<p>M\u00e9ret: 49&#215;79\u00a0\u00a0\u00a0 \u00c1r: 6000 RON<\/p>\n<p>M\u00e9ret: 22&#215;32\u00a0\u00a0\u00a0 \u00c1r: 2000 RON<\/p>\n<p>K\u00e9sz\u00edtette:<\/p>\n<p>Makl\u00e1ry Ter\u00e9z ikonfest\u0151<\/p>\n<p><a href=\"https:\/\/www.facebook.com\/maklaryterez.ikonok.grafikak.festmenyek\/?locale=hu_HU\">https:\/\/www.facebook.com\/maklaryterez.ikonok.grafikak.festmenyek\/?locale=hu_HU<\/a><\/p>\n<p><a href=\"https:\/\/www.facebook.com\/terezmaklary?locale=hu_HU\">https:\/\/www.facebook.com\/terezmaklary?locale=hu_HU<\/a><\/p>\n<p>&nbsp;<\/p>\n","protected":false},"excerpt":{"rendered":"<p>ELFOGYOTT Jelenleg csak rendel\u00e9sre M\u00e9retek \u00e9s \u00e1rak: M\u00e9ret: 49&#215;79\u00a0\u00a0\u00a0 \u00c1r: 6000 RON M\u00e9ret: 22&#215;32\u00a0\u00a0\u00a0 \u00c1r: 2000 RON K\u00e9sz\u00edtette: Makl\u00e1ry Ter\u00e9z ikonfest\u0151 https:\/\/www.facebook.com\/maklaryterez.ikonok.grafikak.festmenyek\/?locale=hu_HU https:\/\/www.facebook.com\/terezmaklary?locale=hu_HU &nbsp;<\/p>\n","protected":false},"featured_media":2710,"template":"","meta":[],"product_brand":[],"product_cat":[33,49],"product_tag":[38],"class_list":{"0":"post-1807","1":"product","2":"type-product","3":"status-publish","4":"has-post-thumbnail","6":"product_cat-emlektargyak","7":"product_cat-ikon","8":"product_tag-maklary-terez-ikonfesto-alkotasa","10":"first","11":"instock","12":"shipping-taxable","13":"purchasable","14":"product-type-simple"},"yoast_head":"<!-- This site is optimized with the Yoast SEO plugin v25.5 - https:\/\/yoast.com\/wordpress\/plugins\/seo\/ -->\n<title>Peleskei Istensz\u00fcl\u0151-ikon - Szatm\u00e1rn\u00e9meti<\/title>\n<meta name=\"robots\" content=\"index, follow, max-snippet:-1, max-image-preview:large, max-video-preview:-1\" \/>\n<link rel=\"canonical\" href=\"https:\/\/www.nicolaos.ro\/szatmarnemeti1\/termek\/peleskei-istenszulo-ikon\" \/>\n<meta property=\"og:locale\" content=\"hu_HU\" \/>\n<meta property=\"og:type\" content=\"article\" \/>\n<meta property=\"og:title\" content=\"Peleskei Istensz\u00fcl\u0151-ikon - Szatm\u00e1rn\u00e9meti\" \/>\n<meta property=\"og:description\" content=\"ELFOGYOTT Jelenleg csak rendel\u00e9sre M\u00e9retek \u00e9s \u00e1rak: M\u00e9ret: 49&#215;79\u00a0\u00a0\u00a0 \u00c1r: 6000 RON M\u00e9ret: 22&#215;32\u00a0\u00a0\u00a0 \u00c1r: 2000 RON K\u00e9sz\u00edtette: Makl\u00e1ry Ter\u00e9z ikonfest\u0151 https:\/\/www.facebook.com\/maklaryterez.ikonok.grafikak.festmenyek\/?locale=hu_HU https:\/\/www.facebook.com\/terezmaklary?locale=hu_HU &nbsp;\" \/>\n<meta property=\"og:url\" content=\"https:\/\/www.nicolaos.ro\/szatmarnemeti1\/termek\/peleskei-istenszulo-ikon\" \/>\n<meta property=\"og:site_name\" content=\"Szatm\u00e1rn\u00e9meti\" \/>\n<meta property=\"article:modified_time\" content=\"2025-05-31T04:41:02+00:00\" \/>\n<meta property=\"og:image\" content=\"https:\/\/www.nicolaos.ro\/szatmarnemeti1\/wp-content\/uploads\/2023\/02\/20220725-maklary-terez-peleskei-ikon-01.jpg\" \/>\n\t<meta property=\"og:image:width\" content=\"1147\" \/>\n\t<meta property=\"og:image:height\" content=\"1868\" \/>\n\t<meta property=\"og:image:type\" content=\"image\/jpeg\" \/>\n<meta name=\"twitter:card\" content=\"summary_large_image\" \/>\n<meta name=\"twitter:label1\" content=\"Becs\u00fclt olvas\u00e1si id\u0151\" \/>\n\t<meta name=\"twitter:data1\" content=\"1 perc\" \/>\n<script type=\"application\/ld+json\" class=\"yoast-schema-graph\">{\"@context\":\"https:\/\/schema.org\",\"@graph\":[{\"@type\":\"WebPage\",\"@id\":\"https:\/\/www.nicolaos.ro\/szatmarnemeti1\/termek\/peleskei-istenszulo-ikon\",\"url\":\"https:\/\/www.nicolaos.ro\/szatmarnemeti1\/termek\/peleskei-istenszulo-ikon\",\"name\":\"Peleskei Istensz\u00fcl\u0151-ikon - Szatm\u00e1rn\u00e9meti\",\"isPartOf\":{\"@id\":\"https:\/\/www.nicolaos.ro\/szatmarnemeti1\/#website\"},\"primaryImageOfPage\":{\"@id\":\"https:\/\/www.nicolaos.ro\/szatmarnemeti1\/termek\/peleskei-istenszulo-ikon#primaryimage\"},\"image\":{\"@id\":\"https:\/\/www.nicolaos.ro\/szatmarnemeti1\/termek\/peleskei-istenszulo-ikon#primaryimage\"},\"thumbnailUrl\":\"https:\/\/www.nicolaos.ro\/szatmarnemeti1\/wp-content\/uploads\/2023\/02\/20220725-maklary-terez-peleskei-ikon-01.jpg\",\"datePublished\":\"2023-02-27T18:14:45+00:00\",\"dateModified\":\"2025-05-31T04:41:02+00:00\",\"breadcrumb\":{\"@id\":\"https:\/\/www.nicolaos.ro\/szatmarnemeti1\/termek\/peleskei-istenszulo-ikon#breadcrumb\"},\"inLanguage\":\"hu\",\"potentialAction\":[{\"@type\":\"ReadAction\",\"target\":[\"https:\/\/www.nicolaos.ro\/szatmarnemeti1\/termek\/peleskei-istenszulo-ikon\"]}]},{\"@type\":\"ImageObject\",\"inLanguage\":\"hu\",\"@id\":\"https:\/\/www.nicolaos.ro\/szatmarnemeti1\/termek\/peleskei-istenszulo-ikon#primaryimage\",\"url\":\"https:\/\/www.nicolaos.ro\/szatmarnemeti1\/wp-content\/uploads\/2023\/02\/20220725-maklary-terez-peleskei-ikon-01.jpg\",\"contentUrl\":\"https:\/\/www.nicolaos.ro\/szatmarnemeti1\/wp-content\/uploads\/2023\/02\/20220725-maklary-terez-peleskei-ikon-01.jpg\",\"width\":1147,\"height\":1868},{\"@type\":\"BreadcrumbList\",\"@id\":\"https:\/\/www.nicolaos.ro\/szatmarnemeti1\/termek\/peleskei-istenszulo-ikon#breadcrumb\",\"itemListElement\":[{\"@type\":\"ListItem\",\"position\":1,\"name\":\"Kezd\u0151lap\",\"item\":\"https:\/\/www.nicolaos.ro\/szatmarnemeti1\/\"},{\"@type\":\"ListItem\",\"position\":2,\"name\":\"EML\u00c9KT\u00c1RGY &#8211; souvenir\",\"item\":\"https:\/\/www.nicolaos.ro\/szatmarnemeti1\/emlektargy-souvenir\"},{\"@type\":\"ListItem\",\"position\":3,\"name\":\"Peleskei Istensz\u00fcl\u0151-ikon\"}]},{\"@type\":\"WebSite\",\"@id\":\"https:\/\/www.nicolaos.ro\/szatmarnemeti1\/#website\",\"url\":\"https:\/\/www.nicolaos.ro\/szatmarnemeti1\/\",\"name\":\"Szatm\u00e1rn\u00e9meti\",\"description\":\"\",\"potentialAction\":[{\"@type\":\"SearchAction\",\"target\":{\"@type\":\"EntryPoint\",\"urlTemplate\":\"https:\/\/www.nicolaos.ro\/szatmarnemeti1\/?s={search_term_string}\"},\"query-input\":{\"@type\":\"PropertyValueSpecification\",\"valueRequired\":true,\"valueName\":\"search_term_string\"}}],\"inLanguage\":\"hu\"}]}<\/script>\n<!-- \/ Yoast SEO plugin. -->","yoast_head_json":{"title":"Peleskei Istensz\u00fcl\u0151-ikon - Szatm\u00e1rn\u00e9meti","robots":{"index":"index","follow":"follow","max-snippet":"max-snippet:-1","max-image-preview":"max-image-preview:large","max-video-preview":"max-video-preview:-1"},"canonical":"https:\/\/www.nicolaos.ro\/szatmarnemeti1\/termek\/peleskei-istenszulo-ikon","og_locale":"hu_HU","og_type":"article","og_title":"Peleskei Istensz\u00fcl\u0151-ikon - Szatm\u00e1rn\u00e9meti","og_description":"ELFOGYOTT Jelenleg csak rendel\u00e9sre M\u00e9retek \u00e9s \u00e1rak: M\u00e9ret: 49&#215;79\u00a0\u00a0\u00a0 \u00c1r: 6000 RON M\u00e9ret: 22&#215;32\u00a0\u00a0\u00a0 \u00c1r: 2000 RON K\u00e9sz\u00edtette: Makl\u00e1ry Ter\u00e9z ikonfest\u0151 https:\/\/www.facebook.com\/maklaryterez.ikonok.grafikak.festmenyek\/?locale=hu_HU https:\/\/www.facebook.com\/terezmaklary?locale=hu_HU &nbsp;","og_url":"https:\/\/www.nicolaos.ro\/szatmarnemeti1\/termek\/peleskei-istenszulo-ikon","og_site_name":"Szatm\u00e1rn\u00e9meti","article_modified_time":"2025-05-31T04:41:02+00:00","og_image":[{"width":1147,"height":1868,"url":"https:\/\/www.nicolaos.ro\/szatmarnemeti1\/wp-content\/uploads\/2023\/02\/20220725-maklary-terez-peleskei-ikon-01.jpg","type":"image\/jpeg"}],"twitter_card":"summary_large_image","twitter_misc":{"Becs\u00fclt olvas\u00e1si id\u0151":"1 perc"},"schema":{"@context":"https:\/\/schema.org","@graph":[{"@type":"WebPage","@id":"https:\/\/www.nicolaos.ro\/szatmarnemeti1\/termek\/peleskei-istenszulo-ikon","url":"https:\/\/www.nicolaos.ro\/szatmarnemeti1\/termek\/peleskei-istenszulo-ikon","name":"Peleskei Istensz\u00fcl\u0151-ikon - Szatm\u00e1rn\u00e9meti","isPartOf":{"@id":"https:\/\/www.nicolaos.ro\/szatmarnemeti1\/#website"},"primaryImageOfPage":{"@id":"https:\/\/www.nicolaos.ro\/szatmarnemeti1\/termek\/peleskei-istenszulo-ikon#primaryimage"},"image":{"@id":"https:\/\/www.nicolaos.ro\/szatmarnemeti1\/termek\/peleskei-istenszulo-ikon#primaryimage"},"thumbnailUrl":"https:\/\/www.nicolaos.ro\/szatmarnemeti1\/wp-content\/uploads\/2023\/02\/20220725-maklary-terez-peleskei-ikon-01.jpg","datePublished":"2023-02-27T18:14:45+00:00","dateModified":"2025-05-31T04:41:02+00:00","breadcrumb":{"@id":"https:\/\/www.nicolaos.ro\/szatmarnemeti1\/termek\/peleskei-istenszulo-ikon#breadcrumb"},"inLanguage":"hu","potentialAction":[{"@type":"ReadAction","target":["https:\/\/www.nicolaos.ro\/szatmarnemeti1\/termek\/peleskei-istenszulo-ikon"]}]},{"@type":"ImageObject","inLanguage":"hu","@id":"https:\/\/www.nicolaos.ro\/szatmarnemeti1\/termek\/peleskei-istenszulo-ikon#primaryimage","url":"https:\/\/www.nicolaos.ro\/szatmarnemeti1\/wp-content\/uploads\/2023\/02\/20220725-maklary-terez-peleskei-ikon-01.jpg","contentUrl":"https:\/\/www.nicolaos.ro\/szatmarnemeti1\/wp-content\/uploads\/2023\/02\/20220725-maklary-terez-peleskei-ikon-01.jpg","width":1147,"height":1868},{"@type":"BreadcrumbList","@id":"https:\/\/www.nicolaos.ro\/szatmarnemeti1\/termek\/peleskei-istenszulo-ikon#breadcrumb","itemListElement":[{"@type":"ListItem","position":1,"name":"Kezd\u0151lap","item":"https:\/\/www.nicolaos.ro\/szatmarnemeti1\/"},{"@type":"ListItem","position":2,"name":"EML\u00c9KT\u00c1RGY &#8211; souvenir","item":"https:\/\/www.nicolaos.ro\/szatmarnemeti1\/emlektargy-souvenir"},{"@type":"ListItem","position":3,"name":"Peleskei Istensz\u00fcl\u0151-ikon"}]},{"@type":"WebSite","@id":"https:\/\/www.nicolaos.ro\/szatmarnemeti1\/#website","url":"https:\/\/www.nicolaos.ro\/szatmarnemeti1\/","name":"Szatm\u00e1rn\u00e9meti","description":"","potentialAction":[{"@type":"SearchAction","target":{"@type":"EntryPoint","urlTemplate":"https:\/\/www.nicolaos.ro\/szatmarnemeti1\/?s={search_term_string}"},"query-input":{"@type":"PropertyValueSpecification","valueRequired":true,"valueName":"search_term_string"}}],"inLanguage":"hu"}]}},"_links":{"self":[{"href":"https:\/\/www.nicolaos.ro\/szatmarnemeti1\/wp-json\/wp\/v2\/product\/1807","targetHints":{"allow":["GET"]}}],"collection":[{"href":"https:\/\/www.nicolaos.ro\/szatmarnemeti1\/wp-json\/wp\/v2\/product"}],"about":[{"href":"https:\/\/www.nicolaos.ro\/szatmarnemeti1\/wp-json\/wp\/v2\/types\/product"}],"wp:featuredmedia":[{"embeddable":true,"href":"https:\/\/www.nicolaos.ro\/szatmarnemeti1\/wp-json\/wp\/v2\/media\/2710"}],"wp:attachment":[{"href":"https:\/\/www.nicolaos.ro\/szatmarnemeti1\/wp-json\/wp\/v2\/media?parent=1807"}],"wp:term":[{"taxonomy":"product_brand","embeddable":true,"href":"https:\/\/www.nicolaos.ro\/szatmarnemeti1\/wp-json\/wp\/v2\/product_brand?post=1807"},{"taxonomy":"product_cat","embeddable":true,"href":"https:\/\/www.nicolaos.ro\/szatmarnemeti1\/wp-json\/wp\/v2\/product_cat?post=1807"},{"taxonomy":"product_tag","embeddable":true,"href":"https:\/\/www.nicolaos.ro\/szatmarnemeti1\/wp-json\/wp\/v2\/product_tag?post=1807"}],"curies":[{"name":"wp","href":"https:\/\/api.w.org\/{rel}","templated":true}]}}